 Let d = -2443 - a. Is 11/(-22) + d/4 prime?
False
Let t = -1890 - -3283. Suppose 0 = 2*g - 4*x - 1724, -3*x = -5*g + 896 + 3421. Let i = t - g. Is i a composite number?
True
Let n(d) = 38*d - 9. Let a(q) = q - 1. Let o(p) = 2*a(p) + n(p). Let x be o(13). Let b = x + 32. Is b a prime number?
True
Let h(i) = -6654*i - 1363. Is h(-63) a prime number?
True
Let j(c) = -149*c**3 + 2*c**2 + 18*c + 62. Let d(o) = 2*o**2 - 46*o - 53. Let n be d(24). Is j(n) a composite number?
True
Let f(z) = 60*z + 3691. Let v = -42 - -42. Is f(v) composite?
False
Let z(k) = -k**3 + 3*k**2 - k. Let d be z(2). Suppose 0 = -4*u - d*m - 48266, -3*u + 9*m - 4*m - 36193 = 0. Is u/(-5) + (-3)/15 a composite number?
True
Let i(s) = 3947*s**3 - 21*s**2 - 76*s + 489. Is i(8) a prime number?
True
Let z = 65 + -50. Suppose z*s - 30820 = -5*s. Is s a prime number?
False
Is 0 + 1970221/22 - (-2)/(-4) prime?
False
Suppose 37*l + 45 = 52*l. Suppose -l*m - 4*m = -92687. Is m prime?
True
Let g(z) = 2*z**2 - 45*z - 66. Let h(c) = c**2 - 46*c - 67. Let a(w) = -2*g(w) + 3*h(w). Is a(-40) a composite number?
False
Let c = -207 - -210. Suppose 2*l = -3*h + 16283, 0 = h + c. Is l a composite number?
True
Suppose -10913009 = -120*s - 3790889. Is s prime?
True
Let v(q) = 68*q**2 - 191*q + 13. Is v(-16) prime?
True
Is 215041 + (-59)/(1062/(-216)) prime?
False
Let c = 608 - 604. Suppose -u = 4*t - 6*u - 8083, c*u + 2029 = t. Is t composite?
False
Suppose -13*u + 12 = 2*q - 15*u, 3*u = 4*q - 29. Suppose 5*w = q*p - 7*p - 1223, 0 = -p - 2*w + 309. Is p a prime number?
True
Let w(h) = -18*h - 1. Let f(c) = c + 2. Let d be f(-3). Let a be w(d). Suppose -a*p = -8*p - 14247. Is p a composite number?
False
Is ((-147)/35 - -3)/(10/(-4525025)) a composite number?
True
Let q(j) = 255557*j + 717. Is q(2) prime?
True
Suppose -7*s = -727319 - 398687. Is s a prime number?
False
Suppose -2*x + 552432 = -3*z + 197722, 0 = -2*x - 2*z + 354690. Is x prime?
False
Let d be 207/(-18) - -11 - 1/(-2). Suppose d = -4*m - 5*r + 114707, 5*m - 143374 = 7*r - 10*r. Is m a prime number?
False
Suppose -4*q + 16536 = 5*c, -5*c + 7391 + 9150 = -q. Suppose 1478 + c = 2*g. Is g a composite number?
False
Let j be 5 - -4 - 4 - 2. Suppose -g = -4*h - 90, -2*g + j*h = -6*g + 322. Is g a composite number?
True
Suppose o - 15 = -4*o. Suppose 27 = -30*n + 87. Suppose -o*v + 2*p + 161 = 0, n*v - 4*p + 49 = 151. Is v a prime number?
False
Let z(v) = -6446*v - 599. Is z(-12) composite?
False
Let z(h) = 43*h**2 + 140*h - 366. Is z(35) prime?
False
Let z(h) = 5*h**3 - 8*h**2 + h - 11. Let n(y) = 6*y**3 - 7*y**2 - 12. Let s(i) = 4*n(i) - 5*z(i). Suppose -4*w = -16 - 24. Is s(w) a prime number?
True
Let y(q) = -q**3 - 12*q**2 + 11*q + 16. Let d be y(-13). Suppose w = -3*x + 11563, d*x - 46*x - 8 = 0. Is w a composite number?
True
Suppose -4*h - h = -4*f - 400, 2*h = 3*f + 167. Let r(y) = 17*y + 15*y - 30*y + 2 + h*y**2 + 1. Is r(-2) a composite number?
True
Is ((-90)/12)/(9/(-481323))*(-8)/(-20) composite?
False
Suppose -4*v - 13543 = -5*j - 6*v, 3*v = -5*j + 13547. Is j a composite number?
False
Let t(y) = 9*y**2 - 31*y + 167. Is t(32) a prime number?
False
Suppose 5*d + 2894198 = 5*s - 579957, -3*d - 694835 = -s. Is s prime?
True
Is (17/((-2346)/(-9695857)))/((-51)/18 - -3) a composite number?
False
Let a(m) = -m**3 + m**2 + 10*m + 17. Let o be a(-5). Let u = -183 + o. Let v = u + 175. Is v a composite number?
False
Let u(c) = 21*c**3 - 6*c**2 + 11*c - 1. Let o = -210 - -214. Is u(o) a prime number?
True
Suppose 9*c + 606 = 2*p + 4*c, 2*p - 4*c = 604. Is (-27852)/(-66)*p/4 composite?
True
Let z(n) = 2*n**3 - 12*n**2 - n + 26. Let g be z(6). Suppose g*b = 2*b + 21510. Is b a prime number?
False
Let s = 90 - 85. Suppose 2*b - s*b = -3. Is (-5 - -4)/(b/(-446)) a composite number?
True
Let b = 47 + -44. Suppose 0 = 4*l + b + 13. Is (3 + l)/((-1)/259) prime?
False
Let c(x) = 898*x**3 - x**2 + 11*x - 4. Let s be c(7). Suppose -3*m - 55*m = -s. Is m a composite number?
True
Is 1395/(-279)*(-1338718)/10 composite?
False
Let w(s) = 144*s**2 - 1754*s + 61. Is w(49) a composite number?
True
Suppose -1478*x = -1475*x - 1920447. Is x a prime number?
False
Suppose 2235666 = 30*x - 5565264. Is x prime?
False
Let o(j) = -j**2 + 47*j - 116. Let x be o(43). Is x/(-420) + 16007/15 a composite number?
True
Suppose 3*r - 43836 = -5*z, -6*z + 3*r + 26316 = -3*z. Suppose -13*t + 16*t = z. Is t a prime number?
False
Suppose -24*u + 3818374 - 141790 = 0. Is u prime?
True
Suppose 10*n + 2*r + 40603 = 11*n, -2*r = 4*n - 162442. Is n prime?
True
Let p = -74574 + 148309. Is p prime?
False
Let a(u) = -10*u**3 - 10*u**2 + 56*u - 35. Is a(-18) a prime number?
True
Suppose -3*v = 2*f + 437664 - 3331295, -4*v - 2893694 = -2*f. Is f prime?
True
Let l(h) = h + 5. Let b be l(0). Suppose b*g + 2*z + 1 = -0*z, 0 = 4*g + z + 2. Is (127*(0 - g))/(-4 - -5) composite?
False
Let k(w) = 28*w**2 + 6*w - 19. Let u be k(7). Let g = u - 887. Suppose -3*m = 4*p - 1465, -p + g - 1481 = -2*m. Is m prime?
True
Suppose -17*f = -15*f - 46098. Suppose 4*s - 97566 = -2*b, -2*s + b + 25732 = -f. Is s a composite number?
False
Suppose y + 5*q + 1 = 0, -y = y - 4*q - 40. Let a = y - 10. Suppose 3*x - 1200 = -5*n + 1849, -a*x - 1230 = -2*n. Is n prime?
False
Is (-31465707)/(-637) - (-10)/35 a prime number?
False
Suppose 100 + 436 = 2*a. Suppose 3*g = -4*k - a, -2*k - 2*k = -4*g + 240. Let t = 49 - k. Is t a composite number?
False
Let o be (9 - 7)*-3 - -10. Suppose 2*a - o = 0, -h - 5*a + 2751 = -11306. Is h a composite number?
True
Suppose 21*v + 10 - 52 = 0. Suppose 5*f = 7*d - v*d + 920, 0 = d + 5. Is f a prime number?
True
Is (322 + -55)/(((-18)/738)/((-1)/3)) composite?
True
Let f(w) = w**2 - 7*w + 5. Let l be (-145)/(-20) - 2/8. Let c be f(l). Suppose 542 = -c*b + 3427. Is b a composite number?
False
Let t = -59364 + 122243. Is t a prime number?
False
Let j = 706616 - 40173. Is j prime?
False
Let s(x) = 2645*x**2 - 106*x - 477. Is s(-6) composite?
True
Let h(d) = 7218*d**2 - 16*d + 33. Suppose -3*o - f + 22 = 3*f, -16 = -4*f. Is h(o) a composite number?
True
Suppose -2*i + 3772 = -0*i - 1258. Is i a composite number?
True
Suppose 5*a = -3*b + 7*a + 460771, 1535894 = 10*b - 2*a. Is b composite?
False
Let z be ((-16)/(-6))/(24/72). Suppose z*u = 271 + 9785. Is u composite?
True
Is ((-4456)/12)/((-56)/924) a prime number?
False
Suppose -n + 0*k - 2*k = -10, -3*k - 6 = 0. Suppose -2*g = 10 - n. Let r(q) = q**2 - 2*q + 3. Is r(g) a prime number?
True
Is (-726723)/(-15)*380/228 prime?
True
Let o(z) = -z**3 + 5*z**2 - 2*z + 2. Let q be o(4). Let m(f) be the third derivative of f**5/30 + 11*f**4/24 - 7*f**3/6 - 16*f**2 + 2*f. Is m(q) a prime number?
False
Suppose -1560370 - 7143665 = -45*g. Is g prime?
True
Suppose -18*b + 545111 = -288307. Is b prime?
True
Suppose -5*d - 71 = 119. Let a be (0 + 13)/(d/20 - -2). Is (177/(-10))/((-12)/a)*4 composite?
True
Let o(g) = g**2 - 15*g + 5. Let w be o(14). Let k be (6/w)/(2/(-7410)). Let h = k - 1373. Is h a composite number?
False
Let l(d) = -19008*d + 1283. Is l(-5) composite?
False
Let v(d) = -3657*d - 35. Suppose -5*c - 12 = -y, 0 = 3*y - 8*y + c - 12. Let s be v(y). Let i = s - 7037. Is i prime?
False
Let n = -1113 + 652. Let x = 47 - n. Suppose x = -25*b + 29*b. Is b a prime number?
True
Let b(s) = -4*s + 1. Let z be b(-1). Suppose -50 + 60 = -z*h. Is (-2)/3 + 3039*h/(-18) a prime number?
True
Let k = 153 - 126. Suppose -32*y + k*y = -38395. Is y a prime number?
False
Suppose 12*h + 7*h - 349676 = 555123. Is h a composite number?
True
Let i(u) be the second derivative of 2*u**3/3 + 33*u**2/2 - 14*u. Let t be i(-7). Is (3857 + t)/(2 - 0) composite?
False
Suppose 2*n - 3*i = 6, -35*n - 5*i = -38*n + 7. Suppose -5*k + n*k = 34036. Is k a composite number?
True
Suppose -3*d = 12, -k + 5*d + 11449 - 186 = 0. Is k a composite number?
False
Let l(x) = -22*x - 33. Let f be l(-11). Suppose -224 = -5*u - 2114. Let s = f - u. Is s a prime number?
True
Suppose -27283 = 2*j - 7*j + 4*n, -3*j - 2*n + 16383 = 0. Suppose -3*q + 2*s = -j, -2*s = -4*q + 6288 + 990. Is q a composite number?
True
Let z(o) = o + 8. Let p be z(8). Is (1572/p)/(24/64) composite?
True
Suppose -45 = -1370*h + 1361*h. Let x(g) = 2*g**2. Let d be x(-1). Suppose -h*y + d*k + 12479 = 0, 3*y - 